{"id":1922,"date":"2020-12-08T21:27:27","date_gmt":"2020-12-08T19:27:27","guid":{"rendered":"https:\/\/www.practeh.tuiasi.ro\/?page_id=1922"},"modified":"2021-04-19T19:46:17","modified_gmt":"2021-04-19T16:46:17","slug":"locuri-de-munca-disponibile","status":"publish","type":"page","link":"https:\/\/www.practeh.tuiasi.ro\/?page_id=1922","title":{"rendered":"Locuri de munc\u0103 disponibile"},"content":{"rendered":"<section class=\"l-section wpb_row height_medium with_img with_overlay\"><div class=\"l-section-img\" style=\"background-image: url(https:\/\/www.practeh.tuiasi.ro\/wp-content\/uploads\/2020\/11\/studenti-1.png);\" data-img-width=\"1920\" data-img-height=\"1280\"><\/div><div class=\"l-section-overlay\" style=\"background: linear-gradient(135deg,rgba(0,51,191,0.90),rgba(87,213,255,0.90))\"><\/div><div class=\"l-section-h i-cf\"><div class=\"g-cols vc_row type_default valign_top\"><div class=\"vc_col-sm-12 wpb_column vc_column_container\"><div class=\"vc_column-inner\"><div class=\"wpb_wrapper\"><div class=\"w-separator size_large\"><\/div><div class=\"w-text us_custom_1acdd723 has_text_color\"><span class=\"w-text-h\"><span class=\"w-text-value\">Locuri de munc\u0103 disponibile<\/span><\/span><\/div><div class=\"w-separator size_large\"><\/div><\/div><\/div><\/div><\/div><\/div><\/section><section class=\"l-section wpb_row height_huge\"><div class=\"l-section-h i-cf\"><div class=\"g-cols vc_row type_default valign_middle\"><div class=\"vc_col-sm-12 wpb_column vc_column_container\"><div class=\"vc_column-inner\"><div class=\"wpb_wrapper\"><div class=\"w-grid type_grid layout_blog_1 cols_2\" id=\"us_grid_1\" data-filterable=\"true\"><style id=\"us_grid_1_css\">#us_grid_1 .w-grid-item{padding:1.5rem}#us_grid_1 .w-grid-list{margin:-1.5rem}.w-grid + #us_grid_1 .w-grid-list{margin-top:1.5rem}@media (max-width:599px){#us_grid_1 .w-grid-list{margin:0}#us_grid_1 .w-grid-item{width:100.0000%;padding:0;margin-bottom:1.5rem}}<\/style><style>.layout_blog_1 .w-grid-item-h{}.layout_blog_1 .usg_post_image_1{margin-bottom:0.5rem!important}.layout_blog_1 .usg_post_title_1{font-size:1rem!important}<\/style><div class=\"w-grid-list\" >\t<article class=\"w-grid-item size_1x1 post-3354 post type-post status-publish format-standard has-post-thumbnail hentry category-locuri-de-munca category-noutati category-stagii-de-practica\" data-id=\"3354\">\r\n\t\t<div class=\"w-grid-item-h\">\r\n\t\t\t\t\t\t<div class=\"w-post-elm post_image usg_post_image_1 stretched\"><a href=\"https:\/\/www.practeh.tuiasi.ro\/?p=3354\" aria-label=\"Grenzebach Romania: programe de internship pentru studen\u021bi \u0219i locuri de munc\u0103\"><img width=\"1989\" height=\"1326\" src=\"https:\/\/www.practeh.tuiasi.ro\/wp-content\/uploads\/2022\/11\/Grenzebach-1-min.jpg\" class=\"attachment-us_600_600_crop size-us_600_600_crop wp-post-image\" alt=\"\" loading=\"lazy\" srcset=\"https:\/\/www.practeh.tuiasi.ro\/wp-content\/uploads\/2022\/11\/Grenzebach-1-min.jpg 1989w, https:\/\/www.practeh.tuiasi.ro\/wp-content\/uploads\/2022\/11\/Grenzebach-1-min-300x200.jpg 300w, https:\/\/www.practeh.tuiasi.ro\/wp-content\/uploads\/2022\/11\/Grenzebach-1-min-1024x683.jpg 1024w\" sizes=\"(max-width: 1989px) 100vw, 1989px\" \/><\/a><\/div><h2 class=\"w-post-elm post_title usg_post_title_1 entry-title color_link_inherit\"><a href=\"https:\/\/www.practeh.tuiasi.ro\/?p=3354\">Grenzebach Romania: programe de internship pentru studen\u021bi \u0219i locuri de munc\u0103<\/a><\/h2>\t\t<\/div>\r\n\t<\/article>\r\n\t<article class=\"w-grid-item size_1x1 post-3272 post type-post status-publish format-standard has-post-thumbnail hentry category-locuri-de-munca category-noutati\" data-id=\"3272\">\r\n\t\t<div class=\"w-grid-item-h\">\r\n\t\t\t\t\t\t<div class=\"w-post-elm post_image usg_post_image_1 stretched\"><a href=\"https:\/\/www.practeh.tuiasi.ro\/?p=3272\" aria-label=\"Compania ZAFIT &#8211; angaj\u0103m inginer de construc\u021bii civile, proasp\u0103t absolvent, cu atitudinea potrivit\u0103 spre dezvoltare profesional\u0103\"><img width=\"1837\" height=\"1225\" src=\"https:\/\/www.practeh.tuiasi.ro\/wp-content\/uploads\/2022\/08\/Zafit-min.jpg\" class=\"attachment-us_600_600_crop size-us_600_600_crop wp-post-image\" alt=\"\" loading=\"lazy\" srcset=\"https:\/\/www.practeh.tuiasi.ro\/wp-content\/uploads\/2022\/08\/Zafit-min.jpg 1837w, https:\/\/www.practeh.tuiasi.ro\/wp-content\/uploads\/2022\/08\/Zafit-min-300x200.jpg 300w, https:\/\/www.practeh.tuiasi.ro\/wp-content\/uploads\/2022\/08\/Zafit-min-1024x683.jpg 1024w\" sizes=\"(max-width: 1837px) 100vw, 1837px\" \/><\/a><\/div><h2 class=\"w-post-elm post_title usg_post_title_1 entry-title color_link_inherit\"><a href=\"https:\/\/www.practeh.tuiasi.ro\/?p=3272\">Compania ZAFIT &#8211; angaj\u0103m inginer de construc\u021bii civile, proasp\u0103t absolvent, cu atitudinea potrivit\u0103 spre dezvoltare profesional\u0103<\/a><\/h2>\t\t<\/div>\r\n\t<\/article>\r\n\t<article class=\"w-grid-item size_1x1 post-3254 post type-post status-publish format-standard has-post-thumbnail hentry category-locuri-de-munca category-noutati\" data-id=\"3254\">\r\n\t\t<div class=\"w-grid-item-h\">\r\n\t\t\t\t\t\t<div class=\"w-post-elm post_image usg_post_image_1 stretched\"><a href=\"https:\/\/www.practeh.tuiasi.ro\/?p=3254\" aria-label=\"Agen\u021bia Na\u021bional\u0103 pentru Protec\u021bia Mediului organizeaz\u0103  concursuri pentru 12 posturi de speciali\u0219ti\"><img width=\"2560\" height=\"1706\" src=\"https:\/\/www.practeh.tuiasi.ro\/wp-content\/uploads\/2022\/08\/02-min-scaled.jpg\" class=\"attachment-us_600_600_crop size-us_600_600_crop wp-post-image\" alt=\"\" loading=\"lazy\" srcset=\"https:\/\/www.practeh.tuiasi.ro\/wp-content\/uploads\/2022\/08\/02-min-scaled.jpg 2560w, https:\/\/www.practeh.tuiasi.ro\/wp-content\/uploads\/2022\/08\/02-min-300x200.jpg 300w, https:\/\/www.practeh.tuiasi.ro\/wp-content\/uploads\/2022\/08\/02-min-1024x682.jpg 1024w\" sizes=\"(max-width: 2560px) 100vw, 2560px\" \/><\/a><\/div><h2 class=\"w-post-elm post_title usg_post_title_1 entry-title color_link_inherit\"><a href=\"https:\/\/www.practeh.tuiasi.ro\/?p=3254\">Agen\u021bia Na\u021bional\u0103 pentru Protec\u021bia Mediului organizeaz\u0103  concursuri pentru 12 posturi de speciali\u0219ti<\/a><\/h2>\t\t<\/div>\r\n\t<\/article>\r\n\t<article class=\"w-grid-item size_1x1 post-3333 post type-post status-publish format-standard has-post-thumbnail hentry category-locuri-de-munca category-noutati\" data-id=\"3333\">\r\n\t\t<div class=\"w-grid-item-h\">\r\n\t\t\t\t\t\t<div class=\"w-post-elm post_image usg_post_image_1 stretched\"><a href=\"https:\/\/www.practeh.tuiasi.ro\/?p=3333\" aria-label=\"E.on angajeaz\u0103  manager urm\u0103rire lucr\u0103ri\"><img width=\"703\" height=\"469\" src=\"https:\/\/www.practeh.tuiasi.ro\/wp-content\/uploads\/2022\/11\/EOn22-min.jpg\" class=\"attachment-us_600_600_crop size-us_600_600_crop wp-post-image\" alt=\"\" loading=\"lazy\" srcset=\"https:\/\/www.practeh.tuiasi.ro\/wp-content\/uploads\/2022\/11\/EOn22-min.jpg 703w, https:\/\/www.practeh.tuiasi.ro\/wp-content\/uploads\/2022\/11\/EOn22-min-300x200.jpg 300w\" sizes=\"(max-width: 703px) 100vw, 703px\" \/><\/a><\/div><h2 class=\"w-post-elm post_title usg_post_title_1 entry-title color_link_inherit\"><a href=\"https:\/\/www.practeh.tuiasi.ro\/?p=3333\">E.on angajeaz\u0103  manager urm\u0103rire lucr\u0103ri<\/a><\/h2>\t\t<\/div>\r\n\t<\/article>\r\n\t<article class=\"w-grid-item size_1x1 post-2327 post type-post status-publish format-standard has-post-thumbnail hentry category-locuri-de-munca category-noutati category-prezentari-companii\" data-id=\"2327\">\r\n\t\t<div class=\"w-grid-item-h\">\r\n\t\t\t\t\t\t<div class=\"w-post-elm post_image usg_post_image_1 stretched\"><a href=\"https:\/\/www.practeh.tuiasi.ro\/?p=2327\" aria-label=\"Avinci &#8211; o echip\u0103 dinamic\u0103 \u0219i experimentat\u0103\"><img width=\"482\" height=\"321\" src=\"https:\/\/www.practeh.tuiasi.ro\/wp-content\/uploads\/2021\/04\/Avinci-22-min.jpg\" class=\"attachment-us_600_600_crop size-us_600_600_crop wp-post-image\" alt=\"\" loading=\"lazy\" srcset=\"https:\/\/www.practeh.tuiasi.ro\/wp-content\/uploads\/2021\/04\/Avinci-22-min.jpg 482w, https:\/\/www.practeh.tuiasi.ro\/wp-content\/uploads\/2021\/04\/Avinci-22-min-300x200.jpg 300w\" sizes=\"(max-width: 482px) 100vw, 482px\" \/><\/a><\/div><h2 class=\"w-post-elm post_title usg_post_title_1 entry-title color_link_inherit\"><a href=\"https:\/\/www.practeh.tuiasi.ro\/?p=2327\">Avinci &#8211; o echip\u0103 dinamic\u0103 \u0219i experimentat\u0103<\/a><\/h2>\t\t<\/div>\r\n\t<\/article>\r\n<\/div><div class=\"w-grid-preloader\"><div class=\"g-preloader type_1\">\r\n\t<div><\/div>\r\n<\/div>\r\n<\/div>\t<div class=\"w-grid-json hidden\" onclick='return {&quot;action&quot;:&quot;us_ajax_grid&quot;,&quot;ajax_url&quot;:&quot;https:\\\/\\\/www.practeh.tuiasi.ro\\\/wp-admin\\\/admin-ajax.php&quot;,&quot;infinite_scroll&quot;:0,&quot;max_num_pages&quot;:1,&quot;pagination&quot;:&quot;none&quot;,&quot;permalink_url&quot;:&quot;https:\\\/\\\/www.practeh.tuiasi.ro&quot;,&quot;template_vars&quot;:{&quot;columns&quot;:&quot;2&quot;,&quot;exclude_items&quot;:&quot;none&quot;,&quot;img_size&quot;:&quot;default&quot;,&quot;ignore_items_size&quot;:false,&quot;items_layout&quot;:&quot;blog_1&quot;,&quot;items_offset&quot;:&quot;1&quot;,&quot;load_animation&quot;:&quot;none&quot;,&quot;overriding_link&quot;:&quot;none&quot;,&quot;post_id&quot;:1922,&quot;query_args&quot;:{&quot;post_type&quot;:[&quot;post&quot;],&quot;tax_query&quot;:[{&quot;taxonomy&quot;:&quot;category&quot;,&quot;field&quot;:&quot;slug&quot;,&quot;terms&quot;:[&quot;locuri-de-munca&quot;]}],&quot;post_status&quot;:[&quot;publish&quot;],&quot;posts_per_page&quot;:&quot;10&quot;},&quot;orderby_query_args&quot;:{&quot;orderby&quot;:{&quot;date&quot;:&quot;DESC&quot;}},&quot;type&quot;:&quot;grid&quot;,&quot;us_grid_ajax_index&quot;:1,&quot;us_grid_filter_params&quot;:null,&quot;us_grid_index&quot;:1,&quot;_us_grid_post_type&quot;:&quot;post&quot;}}'><\/div>\r\n\t<\/div><\/div><\/div><\/div><\/div><\/div><\/section>\n","protected":false},"excerpt":{"rendered":"AVINCI este o companie specializat\u0103 \u00een proiectarea \u0219i construc\u021bia de structuri metalice, plac\u0103ri metalice \u0219i \u00eenchideri metalice at\u00e2t la nivel na\u0163ional, c\u00e2t \u015fi interna\u0163ional. \u00cen acest moment suntem \u00een c\u0103utarea unor absolven\u0163i, ai Facult\u0103\u0163ii de Construc\u0163ii \u015fi Instala\u0163ii, care s\u0103 fac\u0103 parte din echipa noastr\u0103 at\u00e2t pe partea de office, c\u00e2t \u015fi pe \u015fantier. Te...","protected":false},"author":17,"featured_media":0,"parent":0,"menu_order":0,"comment_status":"closed","ping_status":"closed","template":"","meta":[],"_links":{"self":[{"href":"https:\/\/www.practeh.tuiasi.ro\/index.php?rest_route=\/wp\/v2\/pages\/1922"}],"collection":[{"href":"https:\/\/www.practeh.tuiasi.ro\/index.php?rest_route=\/wp\/v2\/pages"}],"about":[{"href":"https:\/\/www.practeh.tuiasi.ro\/index.php?rest_route=\/wp\/v2\/types\/page"}],"author":[{"embeddable":true,"href":"https:\/\/www.practeh.tuiasi.ro\/index.php?rest_route=\/wp\/v2\/users\/17"}],"replies":[{"embeddable":true,"href":"https:\/\/www.practeh.tuiasi.ro\/index.php?rest_route=%2Fwp%2Fv2%2Fcomments&post=1922"}],"version-history":[{"count":10,"href":"https:\/\/www.practeh.tuiasi.ro\/index.php?rest_route=\/wp\/v2\/pages\/1922\/revisions"}],"predecessor-version":[{"id":2399,"href":"https:\/\/www.practeh.tuiasi.ro\/index.php?rest_route=\/wp\/v2\/pages\/1922\/revisions\/2399"}],"wp:attachment":[{"href":"https:\/\/www.practeh.tuiasi.ro\/index.php?rest_route=%2Fwp%2Fv2%2Fmedia&parent=1922"}],"curies":[{"name":"wp","href":"https:\/\/api.w.org\/{rel}","templated":true}]}}